{"id":1084,"date":"2026-03-03T15:34:23","date_gmt":"2026-03-03T14:34:23","guid":{"rendered":"https:\/\/www.learn-formation.fr\/?page_id=1084"},"modified":"2026-03-03T15:45:38","modified_gmt":"2026-03-03T14:45:38","slug":"securite-incendie-evacuation","status":"publish","type":"page","link":"https:\/\/www.learn-formation.fr\/?page_id=1084","title":{"rendered":"Formation S\u00e9curit\u00e9 incendie : Evacuation"},"content":{"rendered":"\n<h2 class=\"wp-block-heading has-black-color has-text-color\" id=\"objectifs\">Objectifs<\/h2>\n\n\n\n<p class=\"has-black-color has-text-color\">Le guide file et le serre file sera capable de :<\/p>\n\n\n\n<ul class=\"wp-block-list\">\n<li>R\u00f4le du guide file et du serre file<\/li>\n\n\n\n<li>Organiser et diriger une \u00e9vacuation<\/li>\n\n\n\n<li>Mettre en \u0153uvre les consignes et proc\u00e9dures d\u2019\u00e9vacuation de l\u2019\u00e9tablissement en cas d\u2019incendie.<\/li>\n<\/ul>\n\n\n\n<h2 class=\"wp-block-heading has-black-color has-text-color\" id=\"public-concerne\">Programme de la formation<\/h2>\n\n\n\n<p class=\"has-black-color has-text-color\">T\u00e9l\u00e9charger le programme de la formation dans l&rsquo;onglet des programmes.<\/p>\n\n\n\n<h2 class=\"wp-block-heading has-black-color has-text-color\" id=\"programme\">Evaluation de la formation<\/h2>\n\n\n\n<ul class=\"wp-block-list\">\n<li>Contr\u00f4le des connaissances par QCM<\/li>\n\n\n\n<li>Analyse du comportement du stagiaire lors des exercices <\/li>\n\n\n\n<li>Attestation de suivie de formation remise en fin de session.<\/li>\n<\/ul>\n\n\n\n<h2 class=\"wp-block-heading has-black-color has-text-color\" id=\"niveau-de-connaissances-prealables-requis\">Public concern\u00e9 et pr\u00e9requis<\/h2>\n\n\n\n<p class=\"has-black-color has-text-color\">Tout le personnel susceptible d\u2019intervenir en qualit\u00e9 de guide file et de serre file lors d&rsquo;une \u00e9vacuation en raison d&rsquo;un sinistre.<\/p>\n\n\n\n<h2 class=\"wp-block-heading has-black-color has-text-color\" id=\"documents-delivres-suite-a-l-evaluation-des-acquis\">Co\u00fbt, dur\u00e9e, nombre de participants<\/h2>\n\n\n\n<p>195,00 euros TTC par personne<\/p>\n\n\n\n<p>3h30 (1\/2 journ\u00e9e) &#8211; Groupe de 3 minimum \u00e0 12 maximum<\/p>\n\n\n\n<h2 class=\"wp-block-heading has-black-color has-text-color\" id=\"cout-duree-nombre-de-participants\">Accessibilit\u00e9 \u00e0 la formation<\/h2>\n\n\n\n<p>Nos formations sont accessibles aux personnes en situation de handicap sous certaines conditions. N&rsquo;h\u00e9sitez pas \u00e0 nous contacter pour plus d&rsquo;informations.<\/p>\n\n\n<div class=\"wp-block-post-date__modified-date wp-block-post-date\"><time datetime=\"2026-03-03T15:45:38+01:00\">3 mars 2026<\/time><\/div>","protected":false},"excerpt":{"rendered":"<p>Objectifs Le guide file et le serre file sera capable de : Programme de la formation T\u00e9l\u00e9charger le programme de la formation dans l&rsquo;onglet des programmes. Evaluation de la formation Public concern\u00e9 et pr\u00e9requis Tout le personnel susceptible d\u2019intervenir en qualit\u00e9 de guide file et de serre file lors d&rsquo;une \u00e9vacuation en raison d&rsquo;un sinistre. [&hellip;]<\/p>\n","protected":false},"author":1,"featured_media":0,"parent":0,"menu_order":0,"comment_status":"closed","ping_status":"closed","template":"","meta":{"footnotes":""},"class_list":["post-1084","page","type-page","status-publish","hentry"],"yoast_head":"<!-- This site is optimized with the Yoast SEO plugin v21.7 - https:\/\/yoast.com\/wordpress\/plugins\/seo\/ -->\n<title>Formation S\u00e9curit\u00e9 incendie : Evacuation - Learn Formation<\/title>\n<meta name=\"robots\" content=\"index, follow, max-snippet:-1, max-image-preview:large, max-video-preview:-1\" \/>\n<link rel=\"canonical\" href=\"https:\/\/www.learn-formation.fr\/?page_id=1084\" \/>\n<meta property=\"og:locale\" content=\"fr_FR\" \/>\n<meta property=\"og:type\" content=\"article\" \/>\n<meta property=\"og:title\" content=\"Formation S\u00e9curit\u00e9 incendie : Evacuation - Learn Formation\" \/>\n<meta property=\"og:description\" content=\"Objectifs Le guide file et le serre file sera capable de : Programme de la formation T\u00e9l\u00e9charger le programme de la formation dans l&rsquo;onglet des programmes. Evaluation de la formation Public concern\u00e9 et pr\u00e9requis Tout le personnel susceptible d\u2019intervenir en qualit\u00e9 de guide file et de serre file lors d&rsquo;une \u00e9vacuation en raison d&rsquo;un sinistre. [&hellip;]\" \/>\n<meta property=\"og:url\" content=\"https:\/\/www.learn-formation.fr\/?page_id=1084\" \/>\n<meta property=\"og:site_name\" content=\"Learn Formation\" \/>\n<meta property=\"article:modified_time\" content=\"2026-03-03T14:45:38+00:00\" \/>\n<meta name=\"twitter:card\" content=\"summary_large_image\" \/>\n<meta name=\"twitter:label1\" content=\"Dur\u00e9e de lecture estim\u00e9e\" \/>\n\t<meta name=\"twitter:data1\" content=\"1 minute\" \/>\n<script type=\"application\/ld+json\" class=\"yoast-schema-graph\">{\"@context\":\"https:\/\/schema.org\",\"@graph\":[{\"@type\":\"WebPage\",\"@id\":\"https:\/\/www.learn-formation.fr\/?page_id=1084\",\"url\":\"https:\/\/www.learn-formation.fr\/?page_id=1084\",\"name\":\"Formation S\u00e9curit\u00e9 incendie : Evacuation - Learn Formation\",\"isPartOf\":{\"@id\":\"https:\/\/www.learn-formation.fr\/#website\"},\"datePublished\":\"2026-03-03T14:34:23+00:00\",\"dateModified\":\"2026-03-03T14:45:38+00:00\",\"breadcrumb\":{\"@id\":\"https:\/\/www.learn-formation.fr\/?page_id=1084#breadcrumb\"},\"inLanguage\":\"fr-FR\",\"potentialAction\":[{\"@type\":\"ReadAction\",\"target\":[\"https:\/\/www.learn-formation.fr\/?page_id=1084\"]}]},{\"@type\":\"BreadcrumbList\",\"@id\":\"https:\/\/www.learn-formation.fr\/?page_id=1084#breadcrumb\",\"itemListElement\":[{\"@type\":\"ListItem\",\"position\":1,\"name\":\"Accueil\",\"item\":\"https:\/\/www.learn-formation.fr\/\"},{\"@type\":\"ListItem\",\"position\":2,\"name\":\"Formation S\u00e9curit\u00e9 incendie : Evacuation\"}]},{\"@type\":\"WebSite\",\"@id\":\"https:\/\/www.learn-formation.fr\/#website\",\"url\":\"https:\/\/www.learn-formation.fr\/\",\"name\":\"Learn Formation\",\"description\":\"Centre de formation\",\"publisher\":{\"@id\":\"https:\/\/www.learn-formation.fr\/#organization\"},\"potentialAction\":[{\"@type\":\"SearchAction\",\"target\":{\"@type\":\"EntryPoint\",\"urlTemplate\":\"https:\/\/www.learn-formation.fr\/?s={search_term_string}\"},\"query-input\":\"required name=search_term_string\"}],\"inLanguage\":\"fr-FR\"},{\"@type\":\"Organization\",\"@id\":\"https:\/\/www.learn-formation.fr\/#organization\",\"name\":\"Learn Formation\",\"url\":\"https:\/\/www.learn-formation.fr\/\",\"logo\":{\"@type\":\"ImageObject\",\"inLanguage\":\"fr-FR\",\"@id\":\"https:\/\/www.learn-formation.fr\/#\/schema\/logo\/image\/\",\"url\":\"https:\/\/www.learn-formation.fr\/wp-content\/uploads\/2022\/02\/cropped-LF-logo_font_blancombre.png\",\"contentUrl\":\"https:\/\/www.learn-formation.fr\/wp-content\/uploads\/2022\/02\/cropped-LF-logo_font_blancombre.png\",\"width\":500,\"height\":500,\"caption\":\"Learn Formation\"},\"image\":{\"@id\":\"https:\/\/www.learn-formation.fr\/#\/schema\/logo\/image\/\"}}]}<\/script>\n<!-- \/ Yoast SEO plugin. -->","yoast_head_json":{"title":"Formation S\u00e9curit\u00e9 incendie : Evacuation - Learn Formation","robots":{"index":"index","follow":"follow","max-snippet":"max-snippet:-1","max-image-preview":"max-image-preview:large","max-video-preview":"max-video-preview:-1"},"canonical":"https:\/\/www.learn-formation.fr\/?page_id=1084","og_locale":"fr_FR","og_type":"article","og_title":"Formation S\u00e9curit\u00e9 incendie : Evacuation - Learn Formation","og_description":"Objectifs Le guide file et le serre file sera capable de : Programme de la formation T\u00e9l\u00e9charger le programme de la formation dans l&rsquo;onglet des programmes. Evaluation de la formation Public concern\u00e9 et pr\u00e9requis Tout le personnel susceptible d\u2019intervenir en qualit\u00e9 de guide file et de serre file lors d&rsquo;une \u00e9vacuation en raison d&rsquo;un sinistre. [&hellip;]","og_url":"https:\/\/www.learn-formation.fr\/?page_id=1084","og_site_name":"Learn Formation","article_modified_time":"2026-03-03T14:45:38+00:00","twitter_card":"summary_large_image","twitter_misc":{"Dur\u00e9e de lecture estim\u00e9e":"1 minute"},"schema":{"@context":"https:\/\/schema.org","@graph":[{"@type":"WebPage","@id":"https:\/\/www.learn-formation.fr\/?page_id=1084","url":"https:\/\/www.learn-formation.fr\/?page_id=1084","name":"Formation S\u00e9curit\u00e9 incendie : Evacuation - Learn Formation","isPartOf":{"@id":"https:\/\/www.learn-formation.fr\/#website"},"datePublished":"2026-03-03T14:34:23+00:00","dateModified":"2026-03-03T14:45:38+00:00","breadcrumb":{"@id":"https:\/\/www.learn-formation.fr\/?page_id=1084#breadcrumb"},"inLanguage":"fr-FR","potentialAction":[{"@type":"ReadAction","target":["https:\/\/www.learn-formation.fr\/?page_id=1084"]}]},{"@type":"BreadcrumbList","@id":"https:\/\/www.learn-formation.fr\/?page_id=1084#breadcrumb","itemListElement":[{"@type":"ListItem","position":1,"name":"Accueil","item":"https:\/\/www.learn-formation.fr\/"},{"@type":"ListItem","position":2,"name":"Formation S\u00e9curit\u00e9 incendie : Evacuation"}]},{"@type":"WebSite","@id":"https:\/\/www.learn-formation.fr\/#website","url":"https:\/\/www.learn-formation.fr\/","name":"Learn Formation","description":"Centre de formation","publisher":{"@id":"https:\/\/www.learn-formation.fr\/#organization"},"potentialAction":[{"@type":"SearchAction","target":{"@type":"EntryPoint","urlTemplate":"https:\/\/www.learn-formation.fr\/?s={search_term_string}"},"query-input":"required name=search_term_string"}],"inLanguage":"fr-FR"},{"@type":"Organization","@id":"https:\/\/www.learn-formation.fr\/#organization","name":"Learn Formation","url":"https:\/\/www.learn-formation.fr\/","logo":{"@type":"ImageObject","inLanguage":"fr-FR","@id":"https:\/\/www.learn-formation.fr\/#\/schema\/logo\/image\/","url":"https:\/\/www.learn-formation.fr\/wp-content\/uploads\/2022\/02\/cropped-LF-logo_font_blancombre.png","contentUrl":"https:\/\/www.learn-formation.fr\/wp-content\/uploads\/2022\/02\/cropped-LF-logo_font_blancombre.png","width":500,"height":500,"caption":"Learn Formation"},"image":{"@id":"https:\/\/www.learn-formation.fr\/#\/schema\/logo\/image\/"}}]}},"_links":{"self":[{"href":"https:\/\/www.learn-formation.fr\/index.php?rest_route=\/wp\/v2\/pages\/1084","targetHints":{"allow":["GET"]}}],"collection":[{"href":"https:\/\/www.learn-formation.fr\/index.php?rest_route=\/wp\/v2\/pages"}],"about":[{"href":"https:\/\/www.learn-formation.fr\/index.php?rest_route=\/wp\/v2\/types\/page"}],"author":[{"embeddable":true,"href":"https:\/\/www.learn-formation.fr\/index.php?rest_route=\/wp\/v2\/users\/1"}],"replies":[{"embeddable":true,"href":"https:\/\/www.learn-formation.fr\/index.php?rest_route=%2Fwp%2Fv2%2Fcomments&post=1084"}],"version-history":[{"count":4,"href":"https:\/\/www.learn-formation.fr\/index.php?rest_route=\/wp\/v2\/pages\/1084\/revisions"}],"predecessor-version":[{"id":1090,"href":"https:\/\/www.learn-formation.fr\/index.php?rest_route=\/wp\/v2\/pages\/1084\/revisions\/1090"}],"wp:attachment":[{"href":"https:\/\/www.learn-formation.fr\/index.php?rest_route=%2Fwp%2Fv2%2Fmedia&parent=1084"}],"curies":[{"name":"wp","href":"https:\/\/api.w.org\/{rel}","templated":true}]}}